{"id":1395,"date":"2025-12-01T14:14:51","date_gmt":"2025-12-01T13:14:51","guid":{"rendered":"https:\/\/detente-aupaysdelauzun.fr\/?post_type=product&#038;p=1395"},"modified":"2025-12-01T14:15:21","modified_gmt":"2025-12-01T13:15:21","slug":"consultation-probleme-erection-a-telecharger-pre-commande-15-12-25","status":"publish","type":"product","link":"https:\/\/detente-aupaysdelauzun.fr\/index.php\/produit\/consultation-probleme-erection-a-telecharger-pre-commande-15-12-25\/","title":{"rendered":"CONSULTATION \u00ab PROBLEME ERECTION \u00bb \u00c0 T\u00c9L\u00c9CHARGER PRE COMMANDE 15\/12\/25"},"content":{"rendered":"<p class=\"isSelectedEnd\">D\u00e9couvrez un outil simple, discret et imm\u00e9diatement accessible pour mieux comprendre la dysfonction \u00e9rectile et identifier les pistes qui peuvent r\u00e9ellement vous aider. Cette consultation \u00e0 t\u00e9l\u00e9charger vous guide pas \u00e0 pas gr\u00e2ce \u00e0 un questionnaire complet et clair, inspir\u00e9 des pratiques professionnelles.<\/p>\n<p class=\"isSelectedEnd\">Ce document vous permet de faire, en toute confidentialit\u00e9, un premier \u00e9tat des lieux de votre situation : facteurs physiques, \u00e9motionnels, habitudes de vie, \u00e9volution du trouble\u2026 Vous obtenez ainsi une vision plus pr\u00e9cise de ce qui peut influencer votre \u00e9rection, sans rendez-vous et en toute tranquillit\u00e9.<\/p>\n<p class=\"isSelectedEnd\">Vous y trouverez \u00e9galement une pr\u00e9sentation des\u00a0<strong>solutions g\u00e9n\u00e9rales les plus reconnues<\/strong>\u00a0pour am\u00e9liorer la fonction \u00e9rectile : actions du quotidien, mesures hygi\u00e9no-di\u00e9t\u00e9tiques, dispositifs possibles, approches comportementales, informations sur les diff\u00e9rents traitements existants (expliqu\u00e9s de fa\u00e7on simple et accessible). Ces informations restent g\u00e9n\u00e9rales et ne constituent pas un avis m\u00e9dical.<\/p>\n<p class=\"isSelectedEnd\">Apr\u00e8s avoir rempli votre questionnaire, vous recevez un retour par mail reprenant vos r\u00e9ponses ainsi qu\u2019un rappel des solutions globales possibles. Il ne s\u2019agit pas d\u2019un avis m\u00e9dical, mais d\u2019un guide pratique pour mieux comprendre votre situation et savoir par o\u00f9 commencer.<\/p>\n<p>Une d\u00e9marche confidentielle, imm\u00e9diate et efficace pour reprendre confiance et avancer sereinement.<\/p>\n","protected":false},"excerpt":{"rendered":"<p>D\u00e9couvrez un outil simple, discret et imm\u00e9diatement accessible pour mieux comprendre la dysfonction \u00e9rectile et identifier les pistes qui peuvent r\u00e9ellement vous aider. Cette consultation \u00e0 t\u00e9l\u00e9charger vous guide pas <a class=\"more-link\" href=\"https:\/\/detente-aupaysdelauzun.fr\/index.php\/produit\/consultation-probleme-erection-a-telecharger-pre-commande-15-12-25\/\">Continuer la lecture &rarr;<\/a><\/p>\n","protected":false},"featured_media":1396,"template":"","meta":[],"product_brand":[],"product_cat":[27],"product_tag":[],"class_list":{"0":"post-1395","1":"product","2":"type-product","3":"status-publish","4":"has-post-thumbnail","6":"product_cat-sexotherapie","8":"first","9":"instock","10":"sale","11":"shipping-taxable","12":"purchasable","13":"product-type-simple"},"yoast_head":"<!-- This site is optimized with the Yoast SEO plugin v27.2 - https:\/\/yoast.com\/product\/yoast-seo-wordpress\/ -->\n<title>CONSULTATION \u00ab PROBLEME ERECTION \u00bb \u00c0 T\u00c9L\u00c9CHARGER PRE COMMANDE 15\/12\/25 - D\u00e9tente Bien-\u00eatre Th\u00e9rapies \u00e0 St Colomb de Lauzun<\/title>\n<meta name=\"robots\" content=\"index, follow, max-snippet:-1, max-image-preview:large, max-video-preview:-1\" \/>\n<link rel=\"canonical\" href=\"https:\/\/detente-aupaysdelauzun.fr\/index.php\/produit\/consultation-probleme-erection-a-telecharger-pre-commande-15-12-25\/\" \/>\n<meta property=\"og:locale\" content=\"fr_FR\" \/>\n<meta property=\"og:type\" content=\"article\" \/>\n<meta property=\"og:title\" content=\"CONSULTATION \u00ab PROBLEME ERECTION \u00bb \u00c0 T\u00c9L\u00c9CHARGER PRE COMMANDE 15\/12\/25 - D\u00e9tente Bien-\u00eatre Th\u00e9rapies \u00e0 St Colomb de Lauzun\" \/>\n<meta property=\"og:description\" content=\"D\u00e9couvrez un outil simple, discret et imm\u00e9diatement accessible pour mieux comprendre la dysfonction \u00e9rectile et identifier les pistes qui peuvent r\u00e9ellement vous aider. Cette consultation \u00e0 t\u00e9l\u00e9charger vous guide pas Continuer la lecture &rarr;\" \/>\n<meta property=\"og:url\" content=\"https:\/\/detente-aupaysdelauzun.fr\/index.php\/produit\/consultation-probleme-erection-a-telecharger-pre-commande-15-12-25\/\" \/>\n<meta property=\"og:site_name\" content=\"D\u00e9tente Bien-\u00eatre Th\u00e9rapies \u00e0 St Colomb de Lauzun\" \/>\n<meta property=\"article:modified_time\" content=\"2025-12-01T13:15:21+00:00\" \/>\n<meta property=\"og:image\" content=\"https:\/\/detente-aupaysdelauzun.fr\/wp-content\/uploads\/2025\/12\/produit_de.png\" \/>\n\t<meta property=\"og:image:width\" content=\"1024\" \/>\n\t<meta property=\"og:image:height\" content=\"1536\" \/>\n\t<meta property=\"og:image:type\" content=\"image\/png\" \/>\n<meta name=\"twitter:card\" content=\"summary_large_image\" \/>\n<meta name=\"twitter:label1\" content=\"Dur\u00e9e de lecture estim\u00e9e\" \/>\n\t<meta name=\"twitter:data1\" content=\"1 minute\" \/>\n<script type=\"application\/ld+json\" class=\"yoast-schema-graph\">{\"@context\":\"https:\/\/schema.org\",\"@graph\":[{\"@type\":\"WebPage\",\"@id\":\"https:\/\/detente-aupaysdelauzun.fr\/index.php\/produit\/consultation-probleme-erection-a-telecharger-pre-commande-15-12-25\/\",\"url\":\"https:\/\/detente-aupaysdelauzun.fr\/index.php\/produit\/consultation-probleme-erection-a-telecharger-pre-commande-15-12-25\/\",\"name\":\"CONSULTATION \u00ab PROBLEME ERECTION \u00bb \u00c0 T\u00c9L\u00c9CHARGER PRE COMMANDE 15\/12\/25 - D\u00e9tente Bien-\u00eatre Th\u00e9rapies \u00e0 St Colomb de Lauzun\",\"isPartOf\":{\"@id\":\"https:\/\/detente-aupaysdelauzun.fr\/#website\"},\"primaryImageOfPage\":{\"@id\":\"https:\/\/detente-aupaysdelauzun.fr\/index.php\/produit\/consultation-probleme-erection-a-telecharger-pre-commande-15-12-25\/#primaryimage\"},\"image\":{\"@id\":\"https:\/\/detente-aupaysdelauzun.fr\/index.php\/produit\/consultation-probleme-erection-a-telecharger-pre-commande-15-12-25\/#primaryimage\"},\"thumbnailUrl\":\"https:\/\/detente-aupaysdelauzun.fr\/wp-content\/uploads\/2025\/12\/produit_de.png\",\"datePublished\":\"2025-12-01T13:14:51+00:00\",\"dateModified\":\"2025-12-01T13:15:21+00:00\",\"breadcrumb\":{\"@id\":\"https:\/\/detente-aupaysdelauzun.fr\/index.php\/produit\/consultation-probleme-erection-a-telecharger-pre-commande-15-12-25\/#breadcrumb\"},\"inLanguage\":\"fr-FR\",\"potentialAction\":[{\"@type\":\"ReadAction\",\"target\":[\"https:\/\/detente-aupaysdelauzun.fr\/index.php\/produit\/consultation-probleme-erection-a-telecharger-pre-commande-15-12-25\/\"]}]},{\"@type\":\"ImageObject\",\"inLanguage\":\"fr-FR\",\"@id\":\"https:\/\/detente-aupaysdelauzun.fr\/index.php\/produit\/consultation-probleme-erection-a-telecharger-pre-commande-15-12-25\/#primaryimage\",\"url\":\"https:\/\/detente-aupaysdelauzun.fr\/wp-content\/uploads\/2025\/12\/produit_de.png\",\"contentUrl\":\"https:\/\/detente-aupaysdelauzun.fr\/wp-content\/uploads\/2025\/12\/produit_de.png\",\"width\":1024,\"height\":1536},{\"@type\":\"BreadcrumbList\",\"@id\":\"https:\/\/detente-aupaysdelauzun.fr\/index.php\/produit\/consultation-probleme-erection-a-telecharger-pre-commande-15-12-25\/#breadcrumb\",\"itemListElement\":[{\"@type\":\"ListItem\",\"position\":1,\"name\":\"Accueil\",\"item\":\"https:\/\/detente-aupaysdelauzun.fr\/\"},{\"@type\":\"ListItem\",\"position\":2,\"name\":\"Boutique\",\"item\":\"https:\/\/detente-aupaysdelauzun.fr\/index.php\/boutique\/\"},{\"@type\":\"ListItem\",\"position\":3,\"name\":\"CONSULTATION \u00ab PROBLEME ERECTION \u00bb \u00c0 T\u00c9L\u00c9CHARGER PRE COMMANDE 15\/12\/25\"}]},{\"@type\":\"WebSite\",\"@id\":\"https:\/\/detente-aupaysdelauzun.fr\/#website\",\"url\":\"https:\/\/detente-aupaysdelauzun.fr\/\",\"name\":\"D\u00e9tente Bien-\u00eatre Th\u00e9rapies \u00e0 St Colomb de Lauzun\",\"description\":\"Lieu propice \u00e0 la d\u00e9tente et aux d\u00e9couvertes au triangle de la Dordogne de la Gironde et du Lot et Garonne\",\"potentialAction\":[{\"@type\":\"SearchAction\",\"target\":{\"@type\":\"EntryPoint\",\"urlTemplate\":\"https:\/\/detente-aupaysdelauzun.fr\/?s={search_term_string}\"},\"query-input\":{\"@type\":\"PropertyValueSpecification\",\"valueRequired\":true,\"valueName\":\"search_term_string\"}}],\"inLanguage\":\"fr-FR\"}]}<\/script>\n<!-- \/ Yoast SEO plugin. -->","yoast_head_json":{"title":"CONSULTATION \u00ab PROBLEME ERECTION \u00bb \u00c0 T\u00c9L\u00c9CHARGER PRE COMMANDE 15\/12\/25 - D\u00e9tente Bien-\u00eatre Th\u00e9rapies \u00e0 St Colomb de Lauzun","robots":{"index":"index","follow":"follow","max-snippet":"max-snippet:-1","max-image-preview":"max-image-preview:large","max-video-preview":"max-video-preview:-1"},"canonical":"https:\/\/detente-aupaysdelauzun.fr\/index.php\/produit\/consultation-probleme-erection-a-telecharger-pre-commande-15-12-25\/","og_locale":"fr_FR","og_type":"article","og_title":"CONSULTATION \u00ab PROBLEME ERECTION \u00bb \u00c0 T\u00c9L\u00c9CHARGER PRE COMMANDE 15\/12\/25 - D\u00e9tente Bien-\u00eatre Th\u00e9rapies \u00e0 St Colomb de Lauzun","og_description":"D\u00e9couvrez un outil simple, discret et imm\u00e9diatement accessible pour mieux comprendre la dysfonction \u00e9rectile et identifier les pistes qui peuvent r\u00e9ellement vous aider. Cette consultation \u00e0 t\u00e9l\u00e9charger vous guide pas Continuer la lecture &rarr;","og_url":"https:\/\/detente-aupaysdelauzun.fr\/index.php\/produit\/consultation-probleme-erection-a-telecharger-pre-commande-15-12-25\/","og_site_name":"D\u00e9tente Bien-\u00eatre Th\u00e9rapies \u00e0 St Colomb de Lauzun","article_modified_time":"2025-12-01T13:15:21+00:00","og_image":[{"width":1024,"height":1536,"url":"https:\/\/detente-aupaysdelauzun.fr\/wp-content\/uploads\/2025\/12\/produit_de.png","type":"image\/png"}],"twitter_card":"summary_large_image","twitter_misc":{"Dur\u00e9e de lecture estim\u00e9e":"1 minute"},"schema":{"@context":"https:\/\/schema.org","@graph":[{"@type":"WebPage","@id":"https:\/\/detente-aupaysdelauzun.fr\/index.php\/produit\/consultation-probleme-erection-a-telecharger-pre-commande-15-12-25\/","url":"https:\/\/detente-aupaysdelauzun.fr\/index.php\/produit\/consultation-probleme-erection-a-telecharger-pre-commande-15-12-25\/","name":"CONSULTATION \u00ab PROBLEME ERECTION \u00bb \u00c0 T\u00c9L\u00c9CHARGER PRE COMMANDE 15\/12\/25 - D\u00e9tente Bien-\u00eatre Th\u00e9rapies \u00e0 St Colomb de Lauzun","isPartOf":{"@id":"https:\/\/detente-aupaysdelauzun.fr\/#website"},"primaryImageOfPage":{"@id":"https:\/\/detente-aupaysdelauzun.fr\/index.php\/produit\/consultation-probleme-erection-a-telecharger-pre-commande-15-12-25\/#primaryimage"},"image":{"@id":"https:\/\/detente-aupaysdelauzun.fr\/index.php\/produit\/consultation-probleme-erection-a-telecharger-pre-commande-15-12-25\/#primaryimage"},"thumbnailUrl":"https:\/\/detente-aupaysdelauzun.fr\/wp-content\/uploads\/2025\/12\/produit_de.png","datePublished":"2025-12-01T13:14:51+00:00","dateModified":"2025-12-01T13:15:21+00:00","breadcrumb":{"@id":"https:\/\/detente-aupaysdelauzun.fr\/index.php\/produit\/consultation-probleme-erection-a-telecharger-pre-commande-15-12-25\/#breadcrumb"},"inLanguage":"fr-FR","potentialAction":[{"@type":"ReadAction","target":["https:\/\/detente-aupaysdelauzun.fr\/index.php\/produit\/consultation-probleme-erection-a-telecharger-pre-commande-15-12-25\/"]}]},{"@type":"ImageObject","inLanguage":"fr-FR","@id":"https:\/\/detente-aupaysdelauzun.fr\/index.php\/produit\/consultation-probleme-erection-a-telecharger-pre-commande-15-12-25\/#primaryimage","url":"https:\/\/detente-aupaysdelauzun.fr\/wp-content\/uploads\/2025\/12\/produit_de.png","contentUrl":"https:\/\/detente-aupaysdelauzun.fr\/wp-content\/uploads\/2025\/12\/produit_de.png","width":1024,"height":1536},{"@type":"BreadcrumbList","@id":"https:\/\/detente-aupaysdelauzun.fr\/index.php\/produit\/consultation-probleme-erection-a-telecharger-pre-commande-15-12-25\/#breadcrumb","itemListElement":[{"@type":"ListItem","position":1,"name":"Accueil","item":"https:\/\/detente-aupaysdelauzun.fr\/"},{"@type":"ListItem","position":2,"name":"Boutique","item":"https:\/\/detente-aupaysdelauzun.fr\/index.php\/boutique\/"},{"@type":"ListItem","position":3,"name":"CONSULTATION \u00ab PROBLEME ERECTION \u00bb \u00c0 T\u00c9L\u00c9CHARGER PRE COMMANDE 15\/12\/25"}]},{"@type":"WebSite","@id":"https:\/\/detente-aupaysdelauzun.fr\/#website","url":"https:\/\/detente-aupaysdelauzun.fr\/","name":"D\u00e9tente Bien-\u00eatre Th\u00e9rapies \u00e0 St Colomb de Lauzun","description":"Lieu propice \u00e0 la d\u00e9tente et aux d\u00e9couvertes au triangle de la Dordogne de la Gironde et du Lot et Garonne","potentialAction":[{"@type":"SearchAction","target":{"@type":"EntryPoint","urlTemplate":"https:\/\/detente-aupaysdelauzun.fr\/?s={search_term_string}"},"query-input":{"@type":"PropertyValueSpecification","valueRequired":true,"valueName":"search_term_string"}}],"inLanguage":"fr-FR"}]}},"_links":{"self":[{"href":"https:\/\/detente-aupaysdelauzun.fr\/index.php\/wp-json\/wp\/v2\/product\/1395","targetHints":{"allow":["GET"]}}],"collection":[{"href":"https:\/\/detente-aupaysdelauzun.fr\/index.php\/wp-json\/wp\/v2\/product"}],"about":[{"href":"https:\/\/detente-aupaysdelauzun.fr\/index.php\/wp-json\/wp\/v2\/types\/product"}],"wp:featuredmedia":[{"embeddable":true,"href":"https:\/\/detente-aupaysdelauzun.fr\/index.php\/wp-json\/wp\/v2\/media\/1396"}],"wp:attachment":[{"href":"https:\/\/detente-aupaysdelauzun.fr\/index.php\/wp-json\/wp\/v2\/media?parent=1395"}],"wp:term":[{"taxonomy":"product_brand","embeddable":true,"href":"https:\/\/detente-aupaysdelauzun.fr\/index.php\/wp-json\/wp\/v2\/product_brand?post=1395"},{"taxonomy":"product_cat","embeddable":true,"href":"https:\/\/detente-aupaysdelauzun.fr\/index.php\/wp-json\/wp\/v2\/product_cat?post=1395"},{"taxonomy":"product_tag","embeddable":true,"href":"https:\/\/detente-aupaysdelauzun.fr\/index.php\/wp-json\/wp\/v2\/product_tag?post=1395"}],"curies":[{"name":"wp","href":"https:\/\/api.w.org\/{rel}","templated":true}]}}