{"id":1374,"date":"2025-11-25T19:12:43","date_gmt":"2025-11-25T18:12:43","guid":{"rendered":"https:\/\/detente-aupaysdelauzun.fr\/?post_type=product&#038;p=1374"},"modified":"2025-11-25T19:15:46","modified_gmt":"2025-11-25T18:15:46","slug":"hypnose-programme-arret-tabac","status":"publish","type":"product","link":"https:\/\/detente-aupaysdelauzun.fr\/index.php\/produit\/hypnose-programme-arret-tabac\/","title":{"rendered":"Hypnose programme arr\u00eat tabac"},"content":{"rendered":"<p data-start=\"631\" data-end=\"809\">Un programme de 2 s\u00e9ances<\/p>\n<p data-start=\"519\" data-end=\"673\">Retrouvez votre libert\u00e9 int\u00e9rieure gr\u00e2ce \u00e0 notre <strong data-start=\"568\" data-end=\"614\">s\u00e9ance d\u2019hypnose d\u00e9di\u00e9e \u00e0 l\u2019arr\u00eat du tabac<\/strong>.<br data-start=\"615\" data-end=\"618\" \/>Cette s\u00e9ance vise \u00e0 :<\/p>\n<ul data-start=\"674\" data-end=\"901\">\n<li data-start=\"674\" data-end=\"728\">\n<p data-start=\"676\" data-end=\"728\">r\u00e9duire les r\u00e9flexes automatiques de consommation,<\/p>\n<\/li>\n<li data-start=\"729\" data-end=\"784\">\n<p data-start=\"731\" data-end=\"784\">renforcer votre d\u00e9termination \u00e0 devenir non-fumeur,<\/p>\n<\/li>\n<li data-start=\"785\" data-end=\"848\">\n<p data-start=\"787\" data-end=\"848\">apaiser les tensions mentales qui entretiennent l\u2019habitude,<\/p>\n<\/li>\n<li data-start=\"849\" data-end=\"901\">\n<p data-start=\"851\" data-end=\"901\">encourager un sentiment de calme et de contr\u00f4le.<\/p>\n<\/li>\n<\/ul>\n<p data-start=\"903\" data-end=\"1140\">L\u2019hypnose permet de travailler en douceur sur les m\u00e9canismes inconscients qui soutiennent votre choix d\u2019arr\u00eater.<\/p>\n","protected":false},"excerpt":{"rendered":"<p>Un programme de 2 s\u00e9ances Retrouvez votre libert\u00e9 int\u00e9rieure gr\u00e2ce \u00e0 notre s\u00e9ance d\u2019hypnose d\u00e9di\u00e9e \u00e0 l\u2019arr\u00eat du tabac.Cette s\u00e9ance vise \u00e0 : r\u00e9duire les r\u00e9flexes automatiques de consommation, renforcer <a class=\"more-link\" href=\"https:\/\/detente-aupaysdelauzun.fr\/index.php\/produit\/hypnose-programme-arret-tabac\/\">Continuer la lecture &rarr;<\/a><\/p>\n","protected":false},"featured_media":1375,"template":"","meta":[],"product_brand":[],"product_cat":[36,33],"product_tag":[],"class_list":{"0":"post-1374","1":"product","2":"type-product","3":"status-publish","4":"has-post-thumbnail","6":"product_cat-hypnose","7":"product_cat-therapies","9":"first","10":"instock","11":"downloadable","12":"shipping-taxable","13":"purchasable","14":"product-type-simple"},"yoast_head":"<!-- This site is optimized with the Yoast SEO plugin v27.2 - https:\/\/yoast.com\/product\/yoast-seo-wordpress\/ -->\n<title>Hypnose programme arr\u00eat tabac - D\u00e9tente Bien-\u00eatre Th\u00e9rapies \u00e0 St Colomb de Lauzun<\/title>\n<meta name=\"robots\" content=\"index, follow, max-snippet:-1, max-image-preview:large, max-video-preview:-1\" \/>\n<link rel=\"canonical\" href=\"https:\/\/detente-aupaysdelauzun.fr\/index.php\/produit\/hypnose-programme-arret-tabac\/\" \/>\n<meta property=\"og:locale\" content=\"fr_FR\" \/>\n<meta property=\"og:type\" content=\"article\" \/>\n<meta property=\"og:title\" content=\"Hypnose programme arr\u00eat tabac - D\u00e9tente Bien-\u00eatre Th\u00e9rapies \u00e0 St Colomb de Lauzun\" \/>\n<meta property=\"og:description\" content=\"Un programme de 2 s\u00e9ances Retrouvez votre libert\u00e9 int\u00e9rieure gr\u00e2ce \u00e0 notre s\u00e9ance d\u2019hypnose d\u00e9di\u00e9e \u00e0 l\u2019arr\u00eat du tabac.Cette s\u00e9ance vise \u00e0 : r\u00e9duire les r\u00e9flexes automatiques de consommation, renforcer Continuer la lecture &rarr;\" \/>\n<meta property=\"og:url\" content=\"https:\/\/detente-aupaysdelauzun.fr\/index.php\/produit\/hypnose-programme-arret-tabac\/\" \/>\n<meta property=\"og:site_name\" content=\"D\u00e9tente Bien-\u00eatre Th\u00e9rapies \u00e0 St Colomb de Lauzun\" \/>\n<meta property=\"article:modified_time\" content=\"2025-11-25T18:15:46+00:00\" \/>\n<meta property=\"og:image\" content=\"https:\/\/detente-aupaysdelauzun.fr\/wp-content\/uploads\/2025\/11\/ashtray-787885_640.jpg\" \/>\n\t<meta property=\"og:image:width\" content=\"640\" \/>\n\t<meta property=\"og:image:height\" content=\"427\" \/>\n\t<meta property=\"og:image:type\" content=\"image\/jpeg\" \/>\n<meta name=\"twitter:card\" content=\"summary_large_image\" \/>\n<meta name=\"twitter:label1\" content=\"Dur\u00e9e de lecture estim\u00e9e\" \/>\n\t<meta name=\"twitter:data1\" content=\"1 minute\" \/>\n<script type=\"application\/ld+json\" class=\"yoast-schema-graph\">{\"@context\":\"https:\/\/schema.org\",\"@graph\":[{\"@type\":\"WebPage\",\"@id\":\"https:\/\/detente-aupaysdelauzun.fr\/index.php\/produit\/hypnose-programme-arret-tabac\/\",\"url\":\"https:\/\/detente-aupaysdelauzun.fr\/index.php\/produit\/hypnose-programme-arret-tabac\/\",\"name\":\"Hypnose programme arr\u00eat tabac - D\u00e9tente Bien-\u00eatre Th\u00e9rapies \u00e0 St Colomb de Lauzun\",\"isPartOf\":{\"@id\":\"https:\/\/detente-aupaysdelauzun.fr\/#website\"},\"primaryImageOfPage\":{\"@id\":\"https:\/\/detente-aupaysdelauzun.fr\/index.php\/produit\/hypnose-programme-arret-tabac\/#primaryimage\"},\"image\":{\"@id\":\"https:\/\/detente-aupaysdelauzun.fr\/index.php\/produit\/hypnose-programme-arret-tabac\/#primaryimage\"},\"thumbnailUrl\":\"https:\/\/detente-aupaysdelauzun.fr\/wp-content\/uploads\/2025\/11\/ashtray-787885_640.jpg\",\"datePublished\":\"2025-11-25T18:12:43+00:00\",\"dateModified\":\"2025-11-25T18:15:46+00:00\",\"breadcrumb\":{\"@id\":\"https:\/\/detente-aupaysdelauzun.fr\/index.php\/produit\/hypnose-programme-arret-tabac\/#breadcrumb\"},\"inLanguage\":\"fr-FR\",\"potentialAction\":[{\"@type\":\"ReadAction\",\"target\":[\"https:\/\/detente-aupaysdelauzun.fr\/index.php\/produit\/hypnose-programme-arret-tabac\/\"]}]},{\"@type\":\"ImageObject\",\"inLanguage\":\"fr-FR\",\"@id\":\"https:\/\/detente-aupaysdelauzun.fr\/index.php\/produit\/hypnose-programme-arret-tabac\/#primaryimage\",\"url\":\"https:\/\/detente-aupaysdelauzun.fr\/wp-content\/uploads\/2025\/11\/ashtray-787885_640.jpg\",\"contentUrl\":\"https:\/\/detente-aupaysdelauzun.fr\/wp-content\/uploads\/2025\/11\/ashtray-787885_640.jpg\",\"width\":640,\"height\":427},{\"@type\":\"BreadcrumbList\",\"@id\":\"https:\/\/detente-aupaysdelauzun.fr\/index.php\/produit\/hypnose-programme-arret-tabac\/#breadcrumb\",\"itemListElement\":[{\"@type\":\"ListItem\",\"position\":1,\"name\":\"Accueil\",\"item\":\"https:\/\/detente-aupaysdelauzun.fr\/\"},{\"@type\":\"ListItem\",\"position\":2,\"name\":\"Boutique\",\"item\":\"https:\/\/detente-aupaysdelauzun.fr\/index.php\/boutique\/\"},{\"@type\":\"ListItem\",\"position\":3,\"name\":\"Hypnose programme arr\u00eat tabac\"}]},{\"@type\":\"WebSite\",\"@id\":\"https:\/\/detente-aupaysdelauzun.fr\/#website\",\"url\":\"https:\/\/detente-aupaysdelauzun.fr\/\",\"name\":\"D\u00e9tente Bien-\u00eatre Th\u00e9rapies \u00e0 St Colomb de Lauzun\",\"description\":\"Lieu propice \u00e0 la d\u00e9tente et aux d\u00e9couvertes au triangle de la Dordogne de la Gironde et du Lot et Garonne\",\"potentialAction\":[{\"@type\":\"SearchAction\",\"target\":{\"@type\":\"EntryPoint\",\"urlTemplate\":\"https:\/\/detente-aupaysdelauzun.fr\/?s={search_term_string}\"},\"query-input\":{\"@type\":\"PropertyValueSpecification\",\"valueRequired\":true,\"valueName\":\"search_term_string\"}}],\"inLanguage\":\"fr-FR\"}]}<\/script>\n<!-- \/ Yoast SEO plugin. -->","yoast_head_json":{"title":"Hypnose programme arr\u00eat tabac - D\u00e9tente Bien-\u00eatre Th\u00e9rapies \u00e0 St Colomb de Lauzun","robots":{"index":"index","follow":"follow","max-snippet":"max-snippet:-1","max-image-preview":"max-image-preview:large","max-video-preview":"max-video-preview:-1"},"canonical":"https:\/\/detente-aupaysdelauzun.fr\/index.php\/produit\/hypnose-programme-arret-tabac\/","og_locale":"fr_FR","og_type":"article","og_title":"Hypnose programme arr\u00eat tabac - D\u00e9tente Bien-\u00eatre Th\u00e9rapies \u00e0 St Colomb de Lauzun","og_description":"Un programme de 2 s\u00e9ances Retrouvez votre libert\u00e9 int\u00e9rieure gr\u00e2ce \u00e0 notre s\u00e9ance d\u2019hypnose d\u00e9di\u00e9e \u00e0 l\u2019arr\u00eat du tabac.Cette s\u00e9ance vise \u00e0 : r\u00e9duire les r\u00e9flexes automatiques de consommation, renforcer Continuer la lecture &rarr;","og_url":"https:\/\/detente-aupaysdelauzun.fr\/index.php\/produit\/hypnose-programme-arret-tabac\/","og_site_name":"D\u00e9tente Bien-\u00eatre Th\u00e9rapies \u00e0 St Colomb de Lauzun","article_modified_time":"2025-11-25T18:15:46+00:00","og_image":[{"width":640,"height":427,"url":"https:\/\/detente-aupaysdelauzun.fr\/wp-content\/uploads\/2025\/11\/ashtray-787885_640.jpg","type":"image\/jpeg"}],"twitter_card":"summary_large_image","twitter_misc":{"Dur\u00e9e de lecture estim\u00e9e":"1 minute"},"schema":{"@context":"https:\/\/schema.org","@graph":[{"@type":"WebPage","@id":"https:\/\/detente-aupaysdelauzun.fr\/index.php\/produit\/hypnose-programme-arret-tabac\/","url":"https:\/\/detente-aupaysdelauzun.fr\/index.php\/produit\/hypnose-programme-arret-tabac\/","name":"Hypnose programme arr\u00eat tabac - D\u00e9tente Bien-\u00eatre Th\u00e9rapies \u00e0 St Colomb de Lauzun","isPartOf":{"@id":"https:\/\/detente-aupaysdelauzun.fr\/#website"},"primaryImageOfPage":{"@id":"https:\/\/detente-aupaysdelauzun.fr\/index.php\/produit\/hypnose-programme-arret-tabac\/#primaryimage"},"image":{"@id":"https:\/\/detente-aupaysdelauzun.fr\/index.php\/produit\/hypnose-programme-arret-tabac\/#primaryimage"},"thumbnailUrl":"https:\/\/detente-aupaysdelauzun.fr\/wp-content\/uploads\/2025\/11\/ashtray-787885_640.jpg","datePublished":"2025-11-25T18:12:43+00:00","dateModified":"2025-11-25T18:15:46+00:00","breadcrumb":{"@id":"https:\/\/detente-aupaysdelauzun.fr\/index.php\/produit\/hypnose-programme-arret-tabac\/#breadcrumb"},"inLanguage":"fr-FR","potentialAction":[{"@type":"ReadAction","target":["https:\/\/detente-aupaysdelauzun.fr\/index.php\/produit\/hypnose-programme-arret-tabac\/"]}]},{"@type":"ImageObject","inLanguage":"fr-FR","@id":"https:\/\/detente-aupaysdelauzun.fr\/index.php\/produit\/hypnose-programme-arret-tabac\/#primaryimage","url":"https:\/\/detente-aupaysdelauzun.fr\/wp-content\/uploads\/2025\/11\/ashtray-787885_640.jpg","contentUrl":"https:\/\/detente-aupaysdelauzun.fr\/wp-content\/uploads\/2025\/11\/ashtray-787885_640.jpg","width":640,"height":427},{"@type":"BreadcrumbList","@id":"https:\/\/detente-aupaysdelauzun.fr\/index.php\/produit\/hypnose-programme-arret-tabac\/#breadcrumb","itemListElement":[{"@type":"ListItem","position":1,"name":"Accueil","item":"https:\/\/detente-aupaysdelauzun.fr\/"},{"@type":"ListItem","position":2,"name":"Boutique","item":"https:\/\/detente-aupaysdelauzun.fr\/index.php\/boutique\/"},{"@type":"ListItem","position":3,"name":"Hypnose programme arr\u00eat tabac"}]},{"@type":"WebSite","@id":"https:\/\/detente-aupaysdelauzun.fr\/#website","url":"https:\/\/detente-aupaysdelauzun.fr\/","name":"D\u00e9tente Bien-\u00eatre Th\u00e9rapies \u00e0 St Colomb de Lauzun","description":"Lieu propice \u00e0 la d\u00e9tente et aux d\u00e9couvertes au triangle de la Dordogne de la Gironde et du Lot et Garonne","potentialAction":[{"@type":"SearchAction","target":{"@type":"EntryPoint","urlTemplate":"https:\/\/detente-aupaysdelauzun.fr\/?s={search_term_string}"},"query-input":{"@type":"PropertyValueSpecification","valueRequired":true,"valueName":"search_term_string"}}],"inLanguage":"fr-FR"}]}},"_links":{"self":[{"href":"https:\/\/detente-aupaysdelauzun.fr\/index.php\/wp-json\/wp\/v2\/product\/1374","targetHints":{"allow":["GET"]}}],"collection":[{"href":"https:\/\/detente-aupaysdelauzun.fr\/index.php\/wp-json\/wp\/v2\/product"}],"about":[{"href":"https:\/\/detente-aupaysdelauzun.fr\/index.php\/wp-json\/wp\/v2\/types\/product"}],"wp:featuredmedia":[{"embeddable":true,"href":"https:\/\/detente-aupaysdelauzun.fr\/index.php\/wp-json\/wp\/v2\/media\/1375"}],"wp:attachment":[{"href":"https:\/\/detente-aupaysdelauzun.fr\/index.php\/wp-json\/wp\/v2\/media?parent=1374"}],"wp:term":[{"taxonomy":"product_brand","embeddable":true,"href":"https:\/\/detente-aupaysdelauzun.fr\/index.php\/wp-json\/wp\/v2\/product_brand?post=1374"},{"taxonomy":"product_cat","embeddable":true,"href":"https:\/\/detente-aupaysdelauzun.fr\/index.php\/wp-json\/wp\/v2\/product_cat?post=1374"},{"taxonomy":"product_tag","embeddable":true,"href":"https:\/\/detente-aupaysdelauzun.fr\/index.php\/wp-json\/wp\/v2\/product_tag?post=1374"}],"curies":[{"name":"wp","href":"https:\/\/api.w.org\/{rel}","templated":true}]}}